, x + 6 = 4*w. Suppose 384 = 2*c - x*l, -2*l = -5*c - 3*l + 954. Is c a composite number?
False
Let f be 4/(-2)*140/8. Is 21/f*50/(-2) prime?
False
Is 4/(-1)*111/(-12) composite?
False
Suppose 3*z = z. Suppose 5*p - 108 - 147 = z. Is p a prime number?
False
Is ((-18570)/(-25))/2 + (-2)/5 composite?
True
Let i(m) = -m**2 - 8*m - 9. Let q be i(-6). Is q*92/12*5 a composite number?
True
Suppose -6498 = -3*d + u + 2*u, 0 = -d + 5*u + 2186. Is d a prime number?
True
Let a = 1398 - 635. Is a composite?
True
Let s be 2*(-2 - (-21)/2). Suppose 3*z - 3*b = 173 - s, 4*b = -2*z + 86. Is z composite?
True
Let m = 769 + -248. Is m a prime number?
True
Suppose -3*i - x + 2*x = 0, i - 2*x = 0. Suppose 0 = -2*a - t - 0*t + 111, i = -5*t - 25. Is a composite?
True
Let j = 6 - 1. Let v = 36 - j. Is v prime?
True
Suppose -5*i = -10 - 5. Suppose -2*t = x + 1, 0 = -t - i*x - x - 18. Suppose 0 = -2*q - t*h - 2, 5*h + 20 = -0. Is q a composite number?
False
Let y(r) = -42*r + 7. Is y(-7) prime?
False
Suppose 3*w - 7*w = -20. Suppose -4*x + 5*g + 92 = 0, -3*x + w*g + 47 + 22 = 0. Is x prime?
True
Suppose 156 = 4*m + 4*u, 3*m - 68 = -2*u + 49. Is m a prime number?
False
Let c(l) = -l**3 + 4*l - 9. Let r be c(-11). Suppose -3*w + 249 = -r. Is w composite?
False
Let k = -150 - -443. Is k composite?
False
Let m(c) be the third derivative of -c**6/40 + c**5/20 + 5*c**4/24 - 3*c**2. Let g be m(-4). Suppose l - 5*l = -g. Is l composite?
True
Let c(i) = 19*i - 8. Let k(v) = -20*v + 8. Let n(h) = 5*c(h) + 4*k(h). Is n(7) composite?
False
Let c be (-4 - -4)/(2 - 0). Let l = c + 0. Suppose l = 2*h + h - 39. Is h prime?
True
Let z(f) = f**2 + 4*f - 5. Let t be z(-5). Suppose t*d - 2*m = -d + 35, 3*m = d - 34. Is d prime?
True
Let w be 1 + (-1 - (0 + -1)). Is 0 + -3 + 152/w composite?
False
Let i(j) = -j**3 - 6*j**2 - j - 5. Let b be i(-6). Let q(f) = -f**2 - 16*f - 15. Let l be q(-16). Is (-2)/(6/l) + b a prime number?
False
Suppose f - 50 + 11 = 0. Is f prime?
False
Suppose 0 = o - 3*o + 382. Is o composite?
False
Let s = -120 + -33. Suppose -171 = -o + 101. Let t = o + s. Is t prime?
False
Suppose -h + 36 = -5*h. Let w = h - -92. Is w composite?
False
Let y(w) = 77*w**3 + w**2 + 2. Let p be y(2). Suppose -2*l - 2*v = -314, 0*v + v - p = -4*l. Is l a composite number?
True
Suppose 4*y + 3*o = -y + 2062, 5*y - 5*o - 2030 = 0. Suppose 6*p = p + y. Suppose -p = 3*h - 259. Is h composite?
False
Let k(q) = 6*q**3 + 3*q**2 - 1. Let h(b) = -5*b**3 - 4*b**2. Let u(x) = -5*h(x) - 4*k(x). Let v be u(-8). Suppose v*i - 6*i = -28. Is i a prime number?
False
Suppose r = -2*u + 3*u + 83, -261 = -3*r - u. Suppose -5*z = -2*j - 73 + 244, 0 = j - 3*z - r. Is j composite?
False
Let j = 775 - 204. Let t = 806 - j. Is t prime?
False
Let k(p) be the first derivative of p**3 + 7*p**2/2 + 2*p + 1. Let v be k(5). Suppose -5*q = -u - 119, 0 = -0*q + 4*q - 5*u - v. Is q a prime number?
True
Is ((-665)/(-21))/((-1)/(-3)) a prime number?
False
Is (0 + -2 - 5)/(2/(-10)) composite?
True
Suppose 0 = 5*m - 6 - 19. Suppose m*t + 119 = z - 9, -5*t = z - 78. Is z prime?
True
Suppose -s - 5*x - 31 = -0*x, -s + 9 = -3*x. Let o(p) = -p**3 - 5*p**2 - 2*p + 7. Is o(s) prime?
False
Suppose 3*u + 2*m - 667 = 0, -4*u = 5*m - 0*m - 894. Is u a prime number?
False
Let x(f) = 29*f - 5. Let r be x(4). Suppose -5*d - 2*v + r = -150, 5*v + 116 = 2*d. Is d a composite number?
False
Suppose -5*t + 10 + 10 = 0. Suppose 58 = 3*v + 5*b, 0*b = -4*v - t*b + 64. Is v a prime number?
True
Suppose n = 4*n - 5*x - 226, -5*n - 4*x = -389. Is n composite?
True
Let b = -461 - -816. Is b composite?
True
Suppose 2*v = 5*c + 3 - 9, 12 = 3*c + 3*v. Suppose 2*g = 3*a + 97, -4*a = 2 + 10. Suppose -4*l + g = -c*l. Is l prime?
False
Let h(k) = k**2 + 5*k + 5. Is h(-7) a composite number?
False
Suppose -216 - 6 = 2*h + 2*q, 2*q = -3*h - 332. Let y = h + 179. Is y a prime number?
False
Let d be 6/21 + 24/14. Suppose 0 = -0*i + d*i. Suppose i*h = -5*h + 475. Is h prime?
False
Let c(p) = -11*p - 1. Let a be c(-1). Suppose 5*x - a*x = -265. Is x a composite number?
False
Let w(d) = -11*d - 1. Let n(l) = 10*l + 1. Let b(p) = 6*n(p) + 5*w(p). Let y = 10 + -6. Is b(y) a prime number?
False
Let n(l) be the third derivative of -l**6/120 + l**5/6 - 11*l**4/24 - l**3/2 - 3*l**2. Is n(8) a prime number?
True
Let c(y) = 111*y + 1. Let d(b) be the third derivative of -b**5/60 - b**4/24 + b**3/3 - 3*b**2. Let w be d(0). Is c(w) composite?
False
Suppose 5*j + 20 = 3*o, -3*o - j = -0*o - 32. Let i be ((-9)/(-15))/(2/o). Let s = i + 32. Is s prime?
False
Let r(i) = 5*i + 1. Let p be r(3). Let k = -5 + p. Is k a prime number?
True
Suppose -2*i = -5 + 1. Suppose 4*v - 4*z + 16 = 6*v, 0 = -i*z - 8. Suppose -2*h = -p + h + v, 0 = 3*p + 5*h + 8. Is p composite?
True
Suppose j - 2*p = -6*p + 97, -p = -4*j + 354. Is j + 0/(2/(-2)) a composite number?
False
Suppose 4*c + n + 2 = 0, 2*c - 2*n - 4 = -5*n. Let w be 132/((-2)/2*c). Is 2/(-7) + w/21 composite?
True
Let b(r) = -3*r**3 - 3*r**2 + 4*r + 4. Let o be b(-3). Suppose z = -z + o. Is z a composite number?
False
Let k be 1/(1 + (-4)/6). Suppose 0 = -r - k*r + 308. Is r composite?
True
Let n = 4 + -4. Suppose 21 = q + t, -2*q + n*t = t - 44. Is q a composite number?
False
Let a(x) = 2*x. Let d be a(-1). Let n be -1*(-1 + 136/d). Suppose 0 = 3*r - 0*r - n. Is r composite?
False
Is (4/6)/(-2)*-111 prime?
True
Suppose 3*y + 4*z - 157 = 0, 0*z - z = -2*y + 90. Suppose -10 = -2*w, 5*w + y = 5*b - 43. Is b prime?
True
Let f(s) = -3*s**3 - 9*s**2 - 3*s + 9. Is f(-8) prime?
False
Is 4179/6 - (-3 + (-15)/(-6)) a prime number?
False
Let c(x) = 25*x**3 + 2*x**2 - 3*x + 1. Is c(2) a prime number?
False
Suppose -2*a - t = -14, t + 3*t = 4*a - 40. Suppose a = -4*f - 0*f. Is (2/(-3))/(f/111) prime?
True
Let v(b) = 74*b + 1. Is v(5) prime?
False
Is (-50481)/(-81) - 2/9 prime?
False
Suppose 2*b = 2*u + 100, -4*u - u = 2*b - 114. Is b/8 + 2/4 a prime number?
True
Let a = -1854 + 3692. Is a a composite number?
True
Let h = -2 - -4. Suppose 2*l + 0 + h = 0. Is (-1)/1*53*l a composite number?
False
Let n(y) = y - 12. Let a be n(6). Is (212/(-12))/(2/a) a composite number?
False
Let f(o) = 2*o**2 - 4*o + 1. Let d be f(7). Suppose 96 = 5*s - b, 4*s + 2*b - d = -3*b. Is s a prime number?
True
Let n be (-4)/(4/(-7 + 3)). Let o(f) = f**3 - 3*f**2 - f + 3. Is o(n) a prime number?
False
Let d be ((-230)/4)/((-3)/6). Suppose -5*v = -2*g - d, v + g = -v + 46. Is v prime?
True
Suppose -j - 2*j - 3*p = -6, 4*j = -3*p + 11. Suppose q - 40 = -2*f + 7*f, j*q - 2*f = 131. Is q prime?
False
Suppose -119 = -5*m + 4*m. Is m a prime number?
False
Suppose -p = -2*p + 95. Is p composite?
True
Let c = 9 - 5. Let r = c + -1. Suppose 4*o - d + 0*d - 65 = 0, -o + r*d = -30. Is o a composite number?
True
Let o be (-182)/49 - 4/14. Let n be (-20)/(-11) - o/22. Suppose -2*k + 91 = m - 34, -n*m - 2*k = -244. Is m a prime number?
False
Suppose -4*m = 3 - 7. Let w(u) = 65*u**3 - u**2 - u + 2. Is w(m) a composite number?
True
Suppose k + 2 = 5. Is 284/k + 11/33 a composite number?
True
Let p(i) = i**2 + 8*i + 9. Let k be p(-7). Is (-1665)/(-20) + k/(-8) a composite number?
False
Let f(l) be the third derivative of -l**6/120 - l**5/15 + l**4/12 - l**3/3 - 2*l**2. Let d be f(-5). Suppose -h - d = -2*h. Is h a composite number?
False
Let o = 255 - 160. Let l = o - 8. Is l prime?
False
Let y be 3/((-6)/(-2)) + -4. Let v be (9/(-3))/y - -285. Suppose o = -o + v. Is o prime?
False
Let f = -358 - -55. Let m be (4/(-6))/2*f. Suppose -q - 5*i = -55, -q - i - m = -4*q. Is q a composite number?
True
Let w be (0 - 1)*1 - -107. Let z(n) = 6*n - 5. Let k be z(3). Suppose -3*m - k = -w. Is m a prime number?
True
Let d be 36*((-9)/(-6) + -2). Let t = -85 - -126. Let o = d + t. Is o a composite number?
False
Let v(l) = 25*l. Let t be v(-3). Let n = t - -108. Suppose 2*f - 100 + 22 = -q, f - q = n. Is f composite?
False
Let h = -53 + 92. Suppose -3*p + h + 75 = 0. Is p composite?
True
Suppose 25 = 5*c - 5*n, -5*n - 7 - 3 = -2*c. Suppose 2*l + 5*h = 78, -5*l - c*h + 112 = -2*l. Let a = l + -19. Is a composite?
True
Let a be -21*1 - (2 + -2). Let i = a + 70. Is i prime?
False
Let j = 1 - -1. Let d(c) = c**3 - 4*c**2 + 5. Let r be d(5). Suppose -j*q = -0 - r. Is q composite?
True
Let m(p) =